{"id":2204,"date":"2024-11-26T15:37:05","date_gmt":"2024-11-26T15:37:05","guid":{"rendered":"https:\/\/elfar.ch\/content\/?page_id=2204"},"modified":"2024-11-26T15:37:05","modified_gmt":"2024-11-26T15:37:05","slug":"easycool","status":"publish","type":"page","link":"https:\/\/elfar.ch\/content\/produkte\/e-scooter\/easycool\/","title":{"rendered":"EASYCOOL"},"content":{"rendered":"\n\n  <div class=\"banner has-hover has-parallax\" id=\"banner-1301646444\">\n          <div class=\"banner-inner fill\">\n        <div class=\"banner-bg fill\" data-parallax=\"-3\" data-parallax-container=\".banner\" data-parallax-background>\n            <img loading=\"lazy\" decoding=\"async\" width=\"2560\" height=\"1920\" src=\"https:\/\/elfar.ch\/content\/wp-content\/uploads\/2024\/11\/IMG_0808-scaled.jpg\" class=\"bg attachment-original size-original\" alt=\"EASYCOOL E-XDV\" \/>                        <div class=\"overlay\"><\/div>            \n                    <\/div>\n\t\t\n        <div class=\"banner-layers container\">\n            <div class=\"fill banner-link\"><\/div>            \n\n   <div id=\"text-box-2104156646\" class=\"text-box banner-layer x50 md-x50 lg-x50 y85 md-y85 lg-y85 res-text\">\n                                <div class=\"text-box-content text dark\">\n              \n              <div class=\"text-inner text-center\">\n                  \n\n<section id=\"lead\">\n<div class=\"container\">\n<div class=\"jumbotron\">\n<h1><strong>EASYCOOL<\/strong><\/h1>\n<h3><strong>Der perfekte Allrounder<br \/><\/strong><\/h3>\n<\/div>\n<\/div>\n<\/section>\n\n              <\/div>\n           <\/div>\n                            \n<style>\n#text-box-2104156646 .text-box-content {\n  background-color: rgba(0, 0, 0, 0.7);\n  border-radius: 6px;\n  font-size: 100%;\n}\n#text-box-2104156646 {\n  width: 100%;\n}\n<\/style>\n    <\/div>\n \n\n        <\/div>\n      <\/div>\n\n            \n<style>\n#banner-1301646444 {\n  padding-top: 100%;\n  background-color: rgb(255, 255, 255);\n}\n#banner-1301646444 .overlay {\n  background-color: rgba(0, 0, 0, 0.17);\n}\n#banner-1301646444 .banner-bg img {\n  object-position: 51% 38%;\n}\n@media (min-width:550px) {\n  #banner-1301646444 {\n    padding-top: 50%;\n  }\n}\n<\/style>\n  <\/div>\n\n\n\n\t<section class=\"section\" id=\"section_900219623\">\n\t\t<div class=\"section-bg fill\" >\n\t\t\t\t\t\t\t\t\t\n\t\t\t\n\n\t\t<\/div>\n\n\t\t\n\n\t\t<div class=\"section-content relative\">\n\t\t\t\n\n<div class=\"row row-collapse align-center\"  id=\"row-1420916928\">\n\n\n\t<div id=\"col-65803755\" class=\"col small-12 large-12\"  >\n\t\t\t\t<div class=\"col-inner\"  >\n\t\t\t\n\t\t\t\n\n<p>F\u00fcr kurze Strecken oder ausgedehnte Ausfahrten. Schnell geladen, Akku herausnehmbar und bis \u00fcber 110km\/h, dies sind nur einige der vielen \u00fcberzeugenden Punkte dieses Allrounders. Und all dies in der Kategorie A1. Easy und cool.<\/p>\n\n\t\t<\/div>\n\t\t\t\t\n<style>\n#col-65803755 > .col-inner {\n  padding: 0px 20px 0px 20px;\n}\n@media (min-width:550px) {\n  #col-65803755 > .col-inner {\n    padding: 0px 20px 0px 20px;\n  }\n}\n<\/style>\n\t<\/div>\n\n\t\n\n<\/div>\n\n\t\t<\/div>\n\n\t\t\n<style>\n#section_900219623 {\n  padding-top: 40px;\n  padding-bottom: 40px;\n  background-color: rgb(204, 204, 204);\n}\n<\/style>\n\t<\/section>\n\t\n\n\t<section class=\"section\" id=\"section_1764072466\">\n\t\t<div class=\"section-bg fill\" >\n\t\t\t\t\t\t\t\t\t\n\t\t\t\n\n\t\t<\/div>\n\n\t\t\n\n\t\t<div class=\"section-content relative\">\n\t\t\t\n\n<div class=\"row row-collapse row-full-width align-middle\"  id=\"row-368921091\">\n\n\n\t<div id=\"col-24690079\" class=\"col medium-12 small-12 large-6\"  >\n\t\t\t\t<div class=\"col-inner text-center\"  >\n\t\t\t\n\t\t\t\n\n\t<div id=\"text-1595908801\" class=\"text\">\n\t\t\n\n<h3>Moderne Technik und umweltfreundliche Mobilit\u00e4t<\/h3>\n<p>Der <strong>Easycool E-XDV<\/strong> ist ein innovativer Elektroscooter, der mit modernste Technik \u00fcberzeugt. Ausgestattet mit zwei herausnehmbaren Akkus (72V, 45Ah) und somit einer Gesamtkapazit\u00e4t von 6,4 kWh, bietet er eine beeindruckende Reichweite von bis zu 190 Kilometern im Eco-Modus. Dank des integrierten Typ-2-Ladeger\u00e4ts ist der Akku in nur 1,5 Stunden vollst\u00e4ndig aufgeladen. Der Scooter ist ideal f\u00fcr den urbanen Alltag, lange Ausfl\u00fcge oder sogar Pendelfahrten. Mit einer Spitzenleistung von 15 kW und einer auf 11 kW begrenzten Leistung f\u00fcr den A1-F\u00fchrerschein ab 16 Jahren bietet er sowohl Jugendlichen als auch Erwachsenen Fahrspa\u00df und Flexibilit\u00e4t.<\/p>\n\t\t\n<style>\n#text-1595908801 {\n  text-align: left;\n}\n<\/style>\n\t<\/div>\n\t\n\n\t\t<\/div>\n\t\t\t\t\n<style>\n#col-24690079 > .col-inner {\n  padding: 7% 20px 10% 20px;\n  max-width: 520px;\n}\n@media (min-width:550px) {\n  #col-24690079 > .col-inner {\n    padding: 7% 0px 10% 0px;\n  }\n}\n@media (min-width:850px) {\n  #col-24690079 > .col-inner {\n    padding: 7% 10% 10% 0px;\n  }\n}\n<\/style>\n\t<\/div>\n\n\t\n\n\t<div id=\"col-2039865029\" class=\"col medium-12 small-12 large-6\"  >\n\t\t\t\t<div class=\"col-inner\"  >\n\t\t\t\n\t\t\t\n\n\t<div class=\"img has-hover x md-x lg-x y md-y lg-y\" id=\"image_591750497\">\n\t\t\t\t\t\t\t\t<div class=\"img-inner image-cover dark\" style=\"padding-top:50%;\">\n\t\t\t<img loading=\"lazy\" decoding=\"async\" width=\"1920\" height=\"2560\" src=\"https:\/\/elfar.ch\/content\/wp-content\/uploads\/2024\/11\/IMG_0873-scaled.jpg\" class=\"attachment-original size-original\" alt=\"EASYCOOL E-XDV\" srcset=\"https:\/\/elfar.ch\/content\/wp-content\/uploads\/2024\/11\/IMG_0873-scaled.jpg 1920w, https:\/\/elfar.ch\/content\/wp-content\/uploads\/2024\/11\/IMG_0873-225x300.jpg 225w, https:\/\/elfar.ch\/content\/wp-content\/uploads\/2024\/11\/IMG_0873-768x1024.jpg 768w, https:\/\/elfar.ch\/content\/wp-content\/uploads\/2024\/11\/IMG_0873-1152x1536.jpg 1152w, https:\/\/elfar.ch\/content\/wp-content\/uploads\/2024\/11\/IMG_0873-1536x2048.jpg 1536w\" sizes=\"auto, (max-width: 1920px) 100vw, 1920px\" \/>\t\t\t\t\t\t\n\t\t\t\t\t<\/div>\n\t\t\t\t\t\t\t\t\n<style>\n#image_591750497 {\n  width: 100%;\n}\n<\/style>\n\t<\/div>\n\t\n\n\n\t\t<\/div>\n\t\t\t\t\t<\/div>\n\n\t\n\n<\/div>\n\n\t\t<\/div>\n\n\t\t\n<style>\n#section_1764072466 {\n  padding-top: 0px;\n  padding-bottom: 0px;\n}\n<\/style>\n\t<\/section>\n\t\n\n\t<section class=\"section\" id=\"section_1504295996\">\n\t\t<div class=\"section-bg fill\" >\n\t\t\t\t\t\t\t\t\t\n\t\t\t\n\n\t\t<\/div>\n\n\t\t\n\n\t\t<div class=\"section-content relative\">\n\t\t\t\n\n<div class=\"row row-collapse row-full-width align-middle\"  id=\"row-1662168981\">\n\n\n\t<div id=\"col-1667280799\" class=\"col medium-12 small-12 large-6\"  >\n\t\t\t\t<div class=\"col-inner text-center\"  >\n\t\t\t\n\t\t\t\n\n\t<div id=\"text-1177086703\" class=\"text\">\n\t\t\n\n<h3>Komfort und Sicherheit auf h\u00f6chstem Niveau<\/h3>\n<p>Die Ausstattung des Easycool E-XDV setzt neue Ma\u00dfst\u00e4be in seiner Klasse. Der Scooter verf\u00fcgt \u00fcber ein ABS-System, das f\u00fcr zus\u00e4tzliche Sicherheit sorgt, sowie \u00fcber eine integrierte Alarmanlage, die das Fahrzeug vor Diebstahl sch\u00fctzt. LED-Scheinwerfer gew\u00e4hrleisten optimale Sicht bei Tag und Nacht, w\u00e4hrend die Windschutzscheibe f\u00fcr Komfort auch bei h\u00f6heren Geschwindigkeiten sorgt. F\u00fcr zus\u00e4tzlichen Stauraum ist ein Handschuhfach integriert und ein Koffer ist als Zubeh\u00f6r erh\u00e4ltlich. Mit seinem schl\u00fcssellosen Zugangssystem und dem integrierten R\u00fcckw\u00e4rtsgang punktet der Scooter au\u00dferdem in Sachen Benutzerfreundlichkeit und Komfort.<\/p>\n\t\t\n<style>\n#text-1177086703 {\n  text-align: left;\n}\n<\/style>\n\t<\/div>\n\t\n\n\t\t<\/div>\n\t\t\t\t\n<style>\n#col-1667280799 > .col-inner {\n  padding: 7% 20px 10% 20px;\n  max-width: 520px;\n}\n@media (min-width:550px) {\n  #col-1667280799 > .col-inner {\n    padding: 7% 0px 10% 0px;\n  }\n}\n@media (min-width:850px) {\n  #col-1667280799 > .col-inner {\n    padding: 7% 10% 10% 0px;\n  }\n}\n<\/style>\n\t<\/div>\n\n\t\n\n\t<div id=\"col-1519743460\" class=\"col medium-12 small-12 large-6\"  >\n\t\t\t\t<div class=\"col-inner\"  >\n\t\t\t\n\t\t\t\n\n\t<div class=\"img has-hover x md-x lg-x y md-y lg-y\" id=\"image_1452857295\">\n\t\t\t\t\t\t\t\t<div class=\"img-inner image-cover dark\" style=\"padding-top:70.25%;\">\n\t\t\t<img loading=\"lazy\" decoding=\"async\" width=\"1920\" height=\"2560\" src=\"https:\/\/elfar.ch\/content\/wp-content\/uploads\/2024\/11\/IMG_0820-scaled.jpg\" class=\"attachment-original size-original\" alt=\"EASYCOOL E-XDV\" srcset=\"https:\/\/elfar.ch\/content\/wp-content\/uploads\/2024\/11\/IMG_0820-scaled.jpg 1920w, https:\/\/elfar.ch\/content\/wp-content\/uploads\/2024\/11\/IMG_0820-225x300.jpg 225w, https:\/\/elfar.ch\/content\/wp-content\/uploads\/2024\/11\/IMG_0820-768x1024.jpg 768w, https:\/\/elfar.ch\/content\/wp-content\/uploads\/2024\/11\/IMG_0820-1152x1536.jpg 1152w, https:\/\/elfar.ch\/content\/wp-content\/uploads\/2024\/11\/IMG_0820-1536x2048.jpg 1536w\" sizes=\"auto, (max-width: 1920px) 100vw, 1920px\" \/>\t\t\t\t\t\t\n\t\t\t\t\t<\/div>\n\t\t\t\t\t\t\t\t\n<style>\n#image_1452857295 {\n  width: 100%;\n}\n<\/style>\n\t<\/div>\n\t\n\n\n\t\t<\/div>\n\t\t\t\t\t<\/div>\n\n\t\n\n<\/div>\n\n\t\t<\/div>\n\n\t\t\n<style>\n#section_1504295996 {\n  padding-top: 0px;\n  padding-bottom: 0px;\n  background-color: rgb(204, 204, 204);\n}\n<\/style>\n\t<\/section>\n\t\n\n\t<section class=\"section\" id=\"section_1855529142\">\n\t\t<div class=\"section-bg fill\" >\n\t\t\t\t\t\t\t\t\t\n\t\t\t\n\n\t\t<\/div>\n\n\t\t\n\n\t\t<div class=\"section-content relative\">\n\t\t\t\n\n<div class=\"row row-collapse row-full-width align-middle\"  id=\"row-532230254\">\n\n\n\t<div id=\"col-1252118439\" class=\"col medium-12 small-12 large-6\"  >\n\t\t\t\t<div class=\"col-inner text-center\"  >\n\t\t\t\n\t\t\t\n\n<h3>Agilit\u00e4t und Fahrspa\u00df in jeder Situation<\/h3>\n<p>Mit einer Beschleunigung von 0 auf 50 km\/h in nur 3,75 Sekunden und drei w\u00e4hlbaren Fahrmodi (Eco, Normal, Sport) bietet der Easycool E-XDV Fahrspass pur. Im Sport-Modus entfaltet der Scooter seine volle Dynamik, w\u00e4hrend der Eco-Modus auf maximale Reichweite optimiert ist. Mit einer H\u00f6chstgeschwindigkeit von \u00fcber 110 km\/h eignet er sich nicht nur f\u00fcr den Stadtverkehr, sondern auch f\u00fcr \u00dcberlandfahrten. Die innovative Technik und das durchdachte Design machen den Scooter zu einem zuverl\u00e4ssigen Begleiter f\u00fcr verschiedenste Anforderungen. Kommen Sie vorbei und \u00fcberzeugen Sie sich selbst bei einer Besichtigung oder Probefahrt!<\/p>\n\n\t\t<\/div>\n\t\t\t\t\n<style>\n#col-1252118439 > .col-inner {\n  padding: 7% 20px 10% 20px;\n  max-width: 520px;\n}\n@media (min-width:550px) {\n  #col-1252118439 > .col-inner {\n    padding: 7% 0px 10% 0px;\n  }\n}\n@media (min-width:850px) {\n  #col-1252118439 > .col-inner {\n    padding: 7% 10% 10% 0px;\n  }\n}\n<\/style>\n\t<\/div>\n\n\t\n\n\t<div id=\"col-622554246\" class=\"col medium-12 small-12 large-6\"  >\n\t\t\t\t<div class=\"col-inner\"  >\n\t\t\t\n\t\t\t\n\n\t<div class=\"img has-hover x md-x lg-x y md-y lg-y\" id=\"image_492847699\">\n\t\t\t\t\t\t\t\t<div class=\"img-inner image-cover dark\" style=\"padding-top:100%;\">\n\t\t\t<img loading=\"lazy\" decoding=\"async\" width=\"1920\" height=\"2560\" src=\"https:\/\/elfar.ch\/content\/wp-content\/uploads\/2024\/11\/IMG_0828-scaled.jpg\" class=\"attachment-original size-original\" alt=\"EASYCOOL E-XDV\" srcset=\"https:\/\/elfar.ch\/content\/wp-content\/uploads\/2024\/11\/IMG_0828-scaled.jpg 1920w, https:\/\/elfar.ch\/content\/wp-content\/uploads\/2024\/11\/IMG_0828-225x300.jpg 225w, https:\/\/elfar.ch\/content\/wp-content\/uploads\/2024\/11\/IMG_0828-768x1024.jpg 768w, https:\/\/elfar.ch\/content\/wp-content\/uploads\/2024\/11\/IMG_0828-1152x1536.jpg 1152w, https:\/\/elfar.ch\/content\/wp-content\/uploads\/2024\/11\/IMG_0828-1536x2048.jpg 1536w\" sizes=\"auto, (max-width: 1920px) 100vw, 1920px\" \/>\t\t\t\t\t\t\n\t\t\t\t\t<\/div>\n\t\t\t\t\t\t\t\t\n<style>\n#image_492847699 {\n  width: 100%;\n}\n<\/style>\n\t<\/div>\n\t\n\n\n\t\t<\/div>\n\t\t\t\t\t<\/div>\n\n\t\n\n<\/div>\n\n\t\t<\/div>\n\n\t\t\n<style>\n#section_1855529142 {\n  padding-top: 0px;\n  padding-bottom: 0px;\n}\n<\/style>\n\t<\/section>\n\t\n<div class=\"text-center\"><div class=\"is-divider divider clearfix\" style=\"margin-top:20px;margin-bottom:20px;max-width:100%;height:1px;background-color:rgb(204, 204, 204);\"><\/div><\/div>\n\n\n\t<section class=\"section\" id=\"section_687582843\">\n\t\t<div class=\"section-bg fill\" >\n\t\t\t\t\t\t\t\t\t\n\t\t\t\n\n\t\t<\/div>\n\n\t\t\n\n\t\t<div class=\"section-content relative\">\n\t\t\t\n\n<div class=\"row row-collapse align-center\"  id=\"row-496851499\">\n\n\n\t<div id=\"col-1230198446\" class=\"col small-12 large-12\"  >\n\t\t\t\t<div class=\"col-inner\"  >\n\t\t\t\n\t\t\t\n\n<table cellspacing=\"2\" cellpadding=\"2\">\n<tbody>\n<tr>\n<td><strong>Modell<\/strong><\/td>\n<td><strong>E-XDV<\/strong><\/td>\n<td>\u00a0<\/td>\n<td>\u00a0<\/td>\n<\/tr>\n<tr>\n<td>F\u00fchrerschein<\/td>\n<td>A1<\/td>\n<td>\u00a0<\/td>\n<td>\u00a0<\/td>\n<\/tr>\n<tr>\n<td>Leistung nominell<\/td>\n<td>6 kW<\/td>\n<td>\u00a0<\/td>\n<td>\u00a0<\/td>\n<\/tr>\n<tr>\n<td>Leistung max.<\/td>\n<td>15 kW<\/td>\n<td>\u00a0<\/td>\n<td>\u00a0<\/td>\n<\/tr>\n<tr>\n<td>H\u00f6chstgeschwindigkeit\u00a0\u00a0\u00a0\u00a0\u00a0<\/td>\n<td>110 km\/h<\/td>\n<td>\u00a0<\/td>\n<td>\u00a0<\/td>\n<\/tr>\n<tr>\n<td>Reichweite<\/td>\n<td>80 &#8211; 190 km<\/td>\n<td>\u00a0<\/td>\n<td>\u00a0<\/td>\n<\/tr>\n<tr>\n<td>Ladezeit<\/td>\n<td>1.5 Stunden<\/td>\n<td>\u00a0<\/td>\n<td>\u00a0<\/td>\n<\/tr>\n<tr>\n<td>Akku<\/td>\n<td>2 x Herausnehmbarer je 3,2 kWh<\/td>\n<td>\u00a0<\/td>\n<td>\u00a0<\/td>\n<\/tr>\n<tr>\n<td>Gewicht<\/td>\n<td>?? kg<\/td>\n<td>\u00a0<\/td>\n<td>\u00a0<\/td>\n<\/tr>\n<\/tbody>\n<\/table>\n\n\t\t<\/div>\n\t\t\t\t\n<style>\n#col-1230198446 > .col-inner {\n  padding: 0px 20px 0px 20px;\n}\n@media (min-width:550px) {\n  #col-1230198446 > .col-inner {\n    padding: 0px 20px 0px 20px;\n  }\n}\n<\/style>\n\t<\/div>\n\n\t\n\n<\/div>\n\n\t\t<\/div>\n\n\t\t\n<style>\n#section_687582843 {\n  padding-top: 30px;\n  padding-bottom: 30px;\n}\n<\/style>\n\t<\/section>\n\t\n<div class=\"text-center\"><div class=\"is-divider divider clearfix\" style=\"margin-top:20px;margin-bottom:20px;max-width:100%;height:1px;background-color:rgb(204, 204, 204);\"><\/div><\/div>\n\n\n\t<section class=\"section\" id=\"section_723735211\">\n\t\t<div class=\"section-bg fill\" >\n\t\t\t\t\t\t\t\t\t\n\t\t\t\n\n\t\t<\/div>\n\n\t\t\n\n\t\t<div class=\"section-content relative\">\n\t\t\t\n\n  <div class=\"banner-grid-wrapper\">\n  <div id=\"banner-grid-202902022\" class=\"banner-grid row row-grid row-xsmall row-full-width\" data-packery-options=\"\">\n                      \n\n<div class=\"col grid-col large-8 grid-col-2-3\" ><div class=\"col-inner\">\n\n\n  <div class=\"banner has-hover\" id=\"banner-863611319\">\n          <div class=\"banner-inner fill\">\n        <div class=\"banner-bg fill\" >\n            <img loading=\"lazy\" decoding=\"async\" width=\"2560\" height=\"1920\" src=\"https:\/\/elfar.ch\/content\/wp-content\/uploads\/2024\/11\/IMG_0808-scaled.jpg\" class=\"bg attachment-original size-original\" alt=\"EASYCOOL E-XDV\" \/>                                    \n                    <\/div>\n\t\t\n        <div class=\"banner-layers container\">\n            <div class=\"fill banner-link\"><\/div>            \n\n\n        <\/div>\n      <\/div>\n\n            \n<style>\n#banner-863611319 {\n  padding-top: 500px;\n  background-color: rgb(255, 255, 255);\n}\n#banner-863611319 .banner-bg img {\n  object-position: 69% 77%;\n}\n<\/style>\n  <\/div>\n\n\n\n<\/div><\/div>\n<div class=\"col grid-col large-4 grid-col-1-2\" ><div class=\"col-inner\">\n\n\n  <div class=\"banner has-hover\" id=\"banner-1469980613\">\n          <div class=\"banner-inner fill\">\n        <div class=\"banner-bg fill\" >\n            <img loading=\"lazy\" decoding=\"async\" width=\"1920\" height=\"2560\" src=\"https:\/\/elfar.ch\/content\/wp-content\/uploads\/2024\/11\/IMG_0824-scaled.jpg\" class=\"bg attachment-original size-original\" alt=\"EASYCOOL E-XDV\" \/>                                    \n                    <\/div>\n\t\t\n        <div class=\"banner-layers container\">\n            <div class=\"fill banner-link\"><\/div>            \n\n\n        <\/div>\n      <\/div>\n\n            \n<style>\n#banner-1469980613 {\n  padding-top: 500px;\n  background-color: rgb(255, 255, 255);\n}\n#banner-1469980613 .banner-bg img {\n  object-position: 35% 100%;\n}\n<\/style>\n  <\/div>\n\n\n\n<\/div><\/div>\n<div class=\"col grid-col large-4 grid-col-2-3\" ><div class=\"col-inner\">\n\n\n  <div class=\"banner has-hover\" id=\"banner-238876527\">\n          <div class=\"banner-inner fill\">\n        <div class=\"banner-bg fill\" >\n            <img loading=\"lazy\" decoding=\"async\" width=\"1920\" height=\"2560\" src=\"https:\/\/elfar.ch\/content\/wp-content\/uploads\/2024\/11\/IMG_0812-Kopie-scaled.jpg\" class=\"bg attachment-original size-original\" alt=\"EASYCOOL E-XDV\" \/>                                    \n                    <\/div>\n\t\t\n        <div class=\"banner-layers container\">\n            <div class=\"fill banner-link\"><\/div>            \n\n\n        <\/div>\n      <\/div>\n\n            \n<style>\n#banner-238876527 {\n  padding-top: 500px;\n  background-color: rgb(255, 255, 255);\n}\n#banner-238876527 .banner-bg img {\n  object-position: 51% 61%;\n}\n<\/style>\n  <\/div>\n\n\n\n<\/div><\/div>\n<div class=\"col grid-col large-8 grid-col-1-2\" ><div class=\"col-inner\">\n\n\n  <div class=\"banner has-hover\" id=\"banner-1996004481\">\n          <div class=\"banner-inner fill\">\n        <div class=\"banner-bg fill\" >\n            <img loading=\"lazy\" decoding=\"async\" width=\"1920\" height=\"2560\" src=\"https:\/\/elfar.ch\/content\/wp-content\/uploads\/2024\/11\/IMG_0870-scaled.jpg\" class=\"bg attachment-original size-original\" alt=\"\" \/>                                    \n                    <\/div>\n\t\t\n        <div class=\"banner-layers container\">\n            <div class=\"fill banner-link\"><\/div>            \n\n   <div id=\"text-box-557343504\" class=\"text-box banner-layer x50 md-x50 lg-x50 y50 md-y50 lg-y50 res-text\">\n                                <div class=\"text-box-content text dark\">\n              \n              <div class=\"text-inner text-center\">\n                  \n\n\n              <\/div>\n           <\/div>\n                            \n<style>\n#text-box-557343504 {\n  width: 60%;\n}\n#text-box-557343504 .text-box-content {\n  font-size: 100%;\n}\n<\/style>\n    <\/div>\n \n\n        <\/div>\n      <\/div>\n\n            \n<style>\n#banner-1996004481 {\n  padding-top: 500px;\n  background-color: rgb(255, 255, 255);\n}\n#banner-1996004481 .banner-bg img {\n  object-position: 17% 69%;\n}\n<\/style>\n  <\/div>\n\n\n\n<\/div><\/div>\n\n            <\/div>\n    <style>\n    #banner-grid-202902022 .grid-col-1{height: 600px}\n    #banner-grid-202902022 .grid-col-1-2{height: 300px}\n    #banner-grid-202902022 .grid-col-1-3{height:200px}\n    #banner-grid-202902022 .grid-col-2-3{height: 400px}\n    #banner-grid-202902022 .grid-col-1-4{height: 150px}\n    #banner-grid-202902022 .grid-col-3-4{height: 450px}\n\n\n    \n    \n\n  <\/style>\n    <\/div>\n  \n\n\t\t<\/div>\n\n\t\t\n<style>\n#section_723735211 {\n  padding-top: 30px;\n  padding-bottom: 30px;\n}\n<\/style>\n\t<\/section>\n\t\n\n","protected":false},"excerpt":{"rendered":"","protected":false},"author":1,"featured_media":0,"parent":89,"menu_order":1,"comment_status":"closed","ping_status":"closed","template":"","meta":{"footnotes":""},"class_list":["post-2204","page","type-page","status-publish","hentry"],"yoast_head":"<!-- This site is optimized with the Yoast SEO plugin v27.5 - https:\/\/yoast.com\/product\/yoast-seo-wordpress\/ -->\n<title>EASYCOOL - Elfar<\/title>\n<meta name=\"robots\" content=\"index, follow, max-snippet:-1, max-image-preview:large, max-video-preview:-1\" \/>\n<link rel=\"canonical\" href=\"https:\/\/elfar.ch\/content\/produkte\/e-scooter\/easycool\/\" \/>\n<meta property=\"og:locale\" content=\"de_DE\" \/>\n<meta property=\"og:type\" content=\"article\" \/>\n<meta property=\"og:title\" content=\"EASYCOOL - Elfar\" \/>\n<meta property=\"og:url\" content=\"https:\/\/elfar.ch\/content\/produkte\/e-scooter\/easycool\/\" \/>\n<meta property=\"og:site_name\" content=\"Elfar\" \/>\n<meta name=\"twitter:card\" content=\"summary_large_image\" \/>\n<meta name=\"twitter:label1\" content=\"Gesch\u00e4tzte Lesezeit\" \/>\n\t<meta name=\"twitter:data1\" content=\"4\u00a0Minuten\" \/>\n<script type=\"application\/ld+json\" class=\"yoast-schema-graph\">{\"@context\":\"https:\\\/\\\/schema.org\",\"@graph\":[{\"@type\":\"WebPage\",\"@id\":\"https:\\\/\\\/elfar.ch\\\/content\\\/produkte\\\/e-scooter\\\/easycool\\\/\",\"url\":\"https:\\\/\\\/elfar.ch\\\/content\\\/produkte\\\/e-scooter\\\/easycool\\\/\",\"name\":\"EASYCOOL - Elfar\",\"isPartOf\":{\"@id\":\"https:\\\/\\\/elfar.ch\\\/content\\\/#website\"},\"datePublished\":\"2024-11-26T15:37:05+00:00\",\"breadcrumb\":{\"@id\":\"https:\\\/\\\/elfar.ch\\\/content\\\/produkte\\\/e-scooter\\\/easycool\\\/#breadcrumb\"},\"inLanguage\":\"de\",\"potentialAction\":[{\"@type\":\"ReadAction\",\"target\":[\"https:\\\/\\\/elfar.ch\\\/content\\\/produkte\\\/e-scooter\\\/easycool\\\/\"]}]},{\"@type\":\"BreadcrumbList\",\"@id\":\"https:\\\/\\\/elfar.ch\\\/content\\\/produkte\\\/e-scooter\\\/easycool\\\/#breadcrumb\",\"itemListElement\":[{\"@type\":\"ListItem\",\"position\":1,\"name\":\"Startseite\",\"item\":\"https:\\\/\\\/elfar.ch\\\/content\\\/\"},{\"@type\":\"ListItem\",\"position\":2,\"name\":\"Produkte\",\"item\":\"https:\\\/\\\/elfar.ch\\\/content\\\/produkte\\\/\"},{\"@type\":\"ListItem\",\"position\":3,\"name\":\"E-Scooter\",\"item\":\"https:\\\/\\\/elfar.ch\\\/content\\\/produkte\\\/e-scooter\\\/\"},{\"@type\":\"ListItem\",\"position\":4,\"name\":\"EASYCOOL\"}]},{\"@type\":\"WebSite\",\"@id\":\"https:\\\/\\\/elfar.ch\\\/content\\\/#website\",\"url\":\"https:\\\/\\\/elfar.ch\\\/content\\\/\",\"name\":\"elfar\",\"description\":\"Wir fahren elektrisch\",\"publisher\":{\"@id\":\"https:\\\/\\\/elfar.ch\\\/content\\\/#organization\"},\"potentialAction\":[{\"@type\":\"SearchAction\",\"target\":{\"@type\":\"EntryPoint\",\"urlTemplate\":\"https:\\\/\\\/elfar.ch\\\/content\\\/?s={search_term_string}\"},\"query-input\":{\"@type\":\"PropertyValueSpecification\",\"valueRequired\":true,\"valueName\":\"search_term_string\"}}],\"inLanguage\":\"de\"},{\"@type\":\"Organization\",\"@id\":\"https:\\\/\\\/elfar.ch\\\/content\\\/#organization\",\"name\":\"elfar GmbH\",\"url\":\"https:\\\/\\\/elfar.ch\\\/content\\\/\",\"logo\":{\"@type\":\"ImageObject\",\"inLanguage\":\"de\",\"@id\":\"https:\\\/\\\/elfar.ch\\\/content\\\/#\\\/schema\\\/logo\\\/image\\\/\",\"url\":\"https:\\\/\\\/elfar.ch\\\/content\\\/wp-content\\\/uploads\\\/2022\\\/12\\\/logo4.png\",\"contentUrl\":\"https:\\\/\\\/elfar.ch\\\/content\\\/wp-content\\\/uploads\\\/2022\\\/12\\\/logo4.png\",\"width\":543,\"height\":204,\"caption\":\"elfar GmbH\"},\"image\":{\"@id\":\"https:\\\/\\\/elfar.ch\\\/content\\\/#\\\/schema\\\/logo\\\/image\\\/\"},\"sameAs\":[\"https:\\\/\\\/www.instagram.com\\\/elfar_gmbh\\\/\"]}]}<\/script>\n<!-- \/ Yoast SEO plugin. -->","yoast_head_json":{"title":"EASYCOOL - Elfar","robots":{"index":"index","follow":"follow","max-snippet":"max-snippet:-1","max-image-preview":"max-image-preview:large","max-video-preview":"max-video-preview:-1"},"canonical":"https:\/\/elfar.ch\/content\/produkte\/e-scooter\/easycool\/","og_locale":"de_DE","og_type":"article","og_title":"EASYCOOL - Elfar","og_url":"https:\/\/elfar.ch\/content\/produkte\/e-scooter\/easycool\/","og_site_name":"Elfar","twitter_card":"summary_large_image","twitter_misc":{"Gesch\u00e4tzte Lesezeit":"4\u00a0Minuten"},"schema":{"@context":"https:\/\/schema.org","@graph":[{"@type":"WebPage","@id":"https:\/\/elfar.ch\/content\/produkte\/e-scooter\/easycool\/","url":"https:\/\/elfar.ch\/content\/produkte\/e-scooter\/easycool\/","name":"EASYCOOL - Elfar","isPartOf":{"@id":"https:\/\/elfar.ch\/content\/#website"},"datePublished":"2024-11-26T15:37:05+00:00","breadcrumb":{"@id":"https:\/\/elfar.ch\/content\/produkte\/e-scooter\/easycool\/#breadcrumb"},"inLanguage":"de","potentialAction":[{"@type":"ReadAction","target":["https:\/\/elfar.ch\/content\/produkte\/e-scooter\/easycool\/"]}]},{"@type":"BreadcrumbList","@id":"https:\/\/elfar.ch\/content\/produkte\/e-scooter\/easycool\/#breadcrumb","itemListElement":[{"@type":"ListItem","position":1,"name":"Startseite","item":"https:\/\/elfar.ch\/content\/"},{"@type":"ListItem","position":2,"name":"Produkte","item":"https:\/\/elfar.ch\/content\/produkte\/"},{"@type":"ListItem","position":3,"name":"E-Scooter","item":"https:\/\/elfar.ch\/content\/produkte\/e-scooter\/"},{"@type":"ListItem","position":4,"name":"EASYCOOL"}]},{"@type":"WebSite","@id":"https:\/\/elfar.ch\/content\/#website","url":"https:\/\/elfar.ch\/content\/","name":"elfar","description":"Wir fahren elektrisch","publisher":{"@id":"https:\/\/elfar.ch\/content\/#organization"},"potentialAction":[{"@type":"SearchAction","target":{"@type":"EntryPoint","urlTemplate":"https:\/\/elfar.ch\/content\/?s={search_term_string}"},"query-input":{"@type":"PropertyValueSpecification","valueRequired":true,"valueName":"search_term_string"}}],"inLanguage":"de"},{"@type":"Organization","@id":"https:\/\/elfar.ch\/content\/#organization","name":"elfar GmbH","url":"https:\/\/elfar.ch\/content\/","logo":{"@type":"ImageObject","inLanguage":"de","@id":"https:\/\/elfar.ch\/content\/#\/schema\/logo\/image\/","url":"https:\/\/elfar.ch\/content\/wp-content\/uploads\/2022\/12\/logo4.png","contentUrl":"https:\/\/elfar.ch\/content\/wp-content\/uploads\/2022\/12\/logo4.png","width":543,"height":204,"caption":"elfar GmbH"},"image":{"@id":"https:\/\/elfar.ch\/content\/#\/schema\/logo\/image\/"},"sameAs":["https:\/\/www.instagram.com\/elfar_gmbh\/"]}]}},"_links":{"self":[{"href":"https:\/\/elfar.ch\/content\/wp-json\/wp\/v2\/pages\/2204","targetHints":{"allow":["GET"]}}],"collection":[{"href":"https:\/\/elfar.ch\/content\/wp-json\/wp\/v2\/pages"}],"about":[{"href":"https:\/\/elfar.ch\/content\/wp-json\/wp\/v2\/types\/page"}],"author":[{"embeddable":true,"href":"https:\/\/elfar.ch\/content\/wp-json\/wp\/v2\/users\/1"}],"replies":[{"embeddable":true,"href":"https:\/\/elfar.ch\/content\/wp-json\/wp\/v2\/comments?post=2204"}],"version-history":[{"count":2,"href":"https:\/\/elfar.ch\/content\/wp-json\/wp\/v2\/pages\/2204\/revisions"}],"predecessor-version":[{"id":2215,"href":"https:\/\/elfar.ch\/content\/wp-json\/wp\/v2\/pages\/2204\/revisions\/2215"}],"up":[{"embeddable":true,"href":"https:\/\/elfar.ch\/content\/wp-json\/wp\/v2\/pages\/89"}],"wp:attachment":[{"href":"https:\/\/elfar.ch\/content\/wp-json\/wp\/v2\/media?parent=2204"}],"curies":[{"name":"wp","href":"https:\/\/api.w.org\/{rel}","templated":true}]}}